 - 3*c + 3*o = -120. Let z = c + -32. Calculate x(z).
-5
Let n = 20 - 18. Let q(r) = r - 4. Let x(w) = w - 4. Let p(d) = n*x(d) - 3*q(d). Determine p(5).
-1
Suppose -5*l + 21 = 2*x, -l - x + 6 = -0. Let z(b) = -17*b + 8*b - l + 10 + 8*b. Calculate z(6).
1
Let i = 20 - 20. Let k be (i/2 - -3) + 2. Suppose -3*a = v - 6, -10 = -k*v + 2*v - a. Let x(z) = -2*z + 4. Give x(v).
-2
Let k(j) be the first derivative of -j**3/2 + 2*j**2 - 12*j + 18. Let a(l) be the first derivative of k(l). Calculate a(3).
-5
Let q(l) = l**2 + l + 12. Let r(j) = 11*j**2 + 14*j - 1. Let z(s) = 4*s**2 + 5*s. Let o(w) = 3*r(w) - 8*z(w). Let b be o(-3). What is q(b)?
12
Let h(q) = -36 - q**2 + 5*q + 19 + 16. What is h(2)?
5
Let i(h) = 5 - 5*h**2 + 4*h**2 - 27*h + 24*h. Give i(-5).
-5
Let d(w) = -6*w**2 - 12*w + 35. Let m(s) = 2*s**2 + 4*s - 11. Let u(h) = 6*d(h) + 19*m(h). Let i = -5 + 2. Give u(i).
7
Let n(v) = -v**3 + 4*v**2 + 3*v - 5. Let j = -60 + 65. Suppose b + 2*b + 12 = 0, 2*a = -j*b - 12. Determine n(a).
7
Let r(h) = -11*h + 0 + 15 + 9*h**2 + 41*h**2 - 51*h**2. Determine r(-11).
15
Let z(s) = s**2 - 6*s - 13*s - 29708 + 29727. Calculate z(17).
-15
Suppose 0 = -3*l - 2*x + 7 + 14, -x = 4*l - 23. Let p(u) = -u**3 + 5*u**2 - 4. Calculate p(l).
-4
Let w(o) = 0 - 3*o - 6 - 3*o + 13*o - o. Calculate w(2).
6
Let z(m) = -112 - 8*m + m + 107 - m. Determine z(-4).
27
Let f(c) = 6 - 63*c**3 - 11*c**2 + 64*c**3 - c - 1. Determine f(11).
-6
Let m(g) = 17 + 2*g - g**2 - 20 - 8*g. Let h(n) = n**3 + 12*n**2 + 10*n - 13. Let z be h(-11). What is m(z)?
5
Let d(z) be the third derivative of -z**6/120 - 7*z**5/60 - 7*z**4/24 - 2*z**3/3 + z**2 + 2*z. Give d(-6).
2
Let q be -6 - (-348)/42 - (-2)/(-7). Let f(x) = -2*x + x + 2 - 4*x**3 + 3*x**3 + 0 + x**2. Calculate f(q).
-4
Suppose 0*t = -22*t + 286. Let g(b) = b**3 - 12*b**2 - 14*b + 1. Give g(t).
-12
Let k(j) = -3*j + 2*j - 4 - 3 + 3. Let g be k(-7). Let d(y) = -2*y**2 + 3*y - 4. Give d(g).
-13
Let w(k) be the third derivative of k**5/60 + 5*k**4/24 + 2*k**3/3 - 156*k**2. Suppose 12 = v - 4*v. Give w(v).
0
Suppose -b + 6*b - 18 = -g, -9 = -2*b - g. Let i(k) be the first derivative of 0*k**b + 0*k**2 + 2*k - 1/4*k**4 + 6. Give i(2).
-6
Suppose -14*c = 126 + 14. Let j(w) be the third derivative of -w**4/24 - 2*w**3 + 7*w**2. Give j(c).
-2
Suppose -381*h + 389*h + 112 = 0. Let d(t) = t**3 + 13*t**2 - 14*t + 1. Calculate d(h).
1
Let g(d) = -d**2 - 7*d - 6. Let r be g(-6). Suppose r = 5*h - l - 2, l = 5*h + 2*l + 2. Let m(f) be the first derivative of -f**3/3 + 11*f + 1513. What is m(h)?
11
Let j(v) = -3*v**2 - 6*v + 2. Let b be 2/(-8)*-4*(3 - 8). Determine j(b).
-43
Let j(b) = 40*b**3 - b**2 - 2*b - 1. Let f be j(-1). Let v be 1/(3 - f/(-14)). Suppose 0 = -2*q + 3 - v. Let s(p) = -2*p**3 - 2*p**2 + 2*p. Calculate s(q).
4
Suppose 4*x - 7*x - 26 = h, -5*x - 38 = -h. Let l(g) = -g**2 - 9*g + 1. What is l(x)?
9
Suppose -3*k = 2*k - 15. Let d(j) = j - 50 + 3*j**k + 22 + 27 - j**2. Determine d(1).
2
Let q = -505 - -522. Let o(t) = t**3 - 17*t**2 - 2*t + 30. Give o(q).
-4
Suppose -126 = 36*l - 15*l. Let g(n) = n**3 + 6*n**2 - 5*n - 24. Determine g(l).
6
Let d(x) = -x - 4. Suppose 0 = -i - 2*p + 12, 9 + 6 = 3*p. Suppose -w + 2 = -0*w. Suppose a - w = 0, 0*a + 4 = -2*g - i*a. What is d(g)?
0
Let t(b) = -18*b + 146. Let a be t(8). Let c(k) be the first derivative of 2 - 1/2*k**a - 6*k. Calculate c(-6).
0
Let i(o) = -o**3 + 23*o**2 - 42*o - 4. Let w(p) = 2*p**2 + 28*p + 69. Let a be w(-12). Give i(a).
-4
Let r(x) = 86*x**2 - 44*x + 28. Let i(g) = -17*g**2 + 9*g - 6. Let k(c) = 14*i(c) + 3*r(c). Let t(o) = 21*o**2 - 7*o. Let j(f) = 7*k(f) - 6*t(f). Give j(-1).
14
Let g(c) be the second derivative of c**3/6 + 2*c**2 + c. What is g(5)?
9
Let k(z) = 32*z + 163. Let o be k(-5). Let n(j) be the third derivative of -j**5/60 + j**3/2 - j**2. Calculate n(o).
-6
Let j(f) = 4*f + 44444 - 44449 - f. Give j(4).
7
Let g(i) = -i**3 + 14*i**2 - 19*i + 71. Let t be g(13). Let h(l) = -l**3 - 7*l**2 + l + 9. Give h(t).
2
Let c = -3084 - -3072. Let i(n) = -5*n - 8*n + 0 + n**3 + 11*n**2 - 8. Determine i(c).
4
Let q(d) = d - 3. Let b(x) be the first derivative of -2*x**2 + 12*x - 11. Let w(f) = 2*b(f) + 9*q(f). Calculate w(-5).
-8
Let y(i) = 4*i + 13. Let x(a) = -a - 4. Let z(p) = 7*x(p) + 2*y(p). Give z(5).
3
Suppose 5*w = -4*o + 22, 4*w + 4*o - 5*o = 5. Let v(h) = -3*h**3 - 4*h + 3. Determine v(w).
-29
Let y = -55 - -28. Let a = y + 31. Let c(f) = -f**3 + 3*f**2 + 2*f. What is c(a)?
-8
Let k(r) = -3 + 184*r - 372*r - 16*r**2 + 184*r. Let q(d) = -17*d**2 - 5*d - 4. Let o(v) = -5*k(v) + 4*q(v). Give o(-1).
11
Suppose 28 + 32 = -10*a. Let n(z) = -z**3 - z**2 + 4*z + 1. Let k(s) = -s**3 + 4*s + 2. Let f(i) = a*k(i) + 5*n(i). Give f(6).
5
Let q = -8 + 13. Suppose -4*f + 3*f = q*j - 25, 10 = -2*f. Let b(c) = 2*c + 0*c + 3 - c**2 - j*c + 9*c. Give b(6).
-3
Let b = -826 - -832. Let f(l) = -l**2 + 6*l + 12. Give f(b).
12
Let f = -33 + 30. Let p = -9 - f. Let g(j) = -3*j + 8. Let d(a) = -a + 4. Let s(y) = -5*d(y) + 2*g(y). What is s(p)?
2
Suppose 9*f + 17 = -1. Let w(y) = -3*y**2 - 3*y**3 + y**3 + 31 - 29 + 3*y**3. Determine w(f).
-18
Let s(d) be the first derivative of -d**4/2 - 2*d**3 - d**2/2 - 338. Give s(-4).
36
Let m(b) = 5*b + 348*b**2 - 3*b + 1 - 376*b**2. Determine m(-1).
-29
Let p = -9 - -11. Let i(s) = 2*s**p + 64 - 65 + 0*s**2. Calculate i(2).
7
Let a(n) = 11*n + 58. Let u be a(-5). Let b(w) = 6*w**3 - 4*w**2 - 2*w - 2. Let l(k) = k - 2*k**3 + 2*k**3 - k**3. Let d(y) = b(y) + 5*l(y). Calculate d(u).
-2
Suppose -2*c - 2*c = 0. Suppose -2*b + 2 = c, -6*l = -l - 3*b - 22. Let o(p) = 2*p + l*p - p**3 - 7*p + 3*p**2. Give o(2).
4
Let f(j) be the second derivative of -5*j**3/6 - 3*j**2/2 + 9*j. Let w be 120/21 - (-4)/14. Let r(v) = 9*v + 5. Let h(y) = w*r(y) + 11*f(y). Determine h(-6).
3
Let r(i) = 2*i + 1. Suppose v = -v - 10, -3 = -s + 4*v. Let q = -13 - s. What is r(q)?
9
Let v(b) = 48 + 84 - 145 + 5*b. Give v(3).
2
Let a be (-1 + 4/6)*(29 - 26). Let k(n) = -4*n**2 - 3*n - 2. Calculate k(a).
-3
Let c(w) = 7*w**2 - 14*w - 6. Let k(n) = -12*n**2 + 27*n + 12. Let a(g) = -7*c(g) - 4*k(g). Give a(-10).
-6
Let b(p) = p**3 - 1. Suppose 7*l = 4*l - 3*w, 0 = -5*l - 3*w - 2. Determine b(l).
-2
Let l(m) = m + 3. Suppose z - w + 5 = 0, 0*z + 3*w - 19 = 4*z. Let f = z + -1. Determine l(f).
-2
Let u(g) = g**3 - 7*g**2 + 7*g + 1. Let i(r) = r + 4. Let j be i(3). Suppose -4*q + j*q = 18. Determine u(q).
7
Let d be 3 + -1 - (-1 - -2). Let y(c) = c**2 + 0*c**2 - 30*c + 6 + 31*c. Let v(l) = l**2 + 1. Let t(z) = d*y(z) - 2*v(z). Give t(3).
-2
Let s(n) = -n**2 - n - 1. Suppose -10 = 4*b + 5*i, -4*b = 4*i - 6*i - 4. Determine s(b).
-1
Suppose -84*j = -77*j - 21. Let o(y) = -37 + 2*y**2 + 19 + 17 + y**j. Let c be 3*(-2 + 7/3). Give o(c).
2
Let s(r) = r - 6. Suppose 4*j + 18 = 2*p, p + 3*j + 0 = 4. Determine s(p).
1
Let s(g) = g**3 + 3*g**2 + 2*g + 3. Let x = -18 + 16. Let h = 5 + x. Suppose 5 = -3*z + 4*u, 0*u = 2*z - 3*u + h. Determine s(z).
-3
Let o(y) = -y - 2. Suppose -177 + 317 = 20*v. Calculate o(v).
-9
Let g(c) = c**2 + 27*c + 145. Let i be g(-8). Let r(p) = p**3 + 7*p**2 + 2*p + 6. Calculate r(i).
-8
Let s = -6629/10 + 663. Let r(j) be the second derivative of j - s*j**5 + 1/2*j**2 - 1/3*j**3 - 1/12*j**4 + 0. What is r(-2)?
17
Let p(x) = 3*x**2 + 24*x + 7. Let y be p(-8). Suppose y*h = 10*h + 24. Let z(v) = 10*v**2 - 6 + v**3 - 3*v**2 - 9*v + 1. Calculate z(h).
3
Let f be ((-155)/(-90) + (-4)/18)*-2. Let t(u) be the second derivative of u**3/2 + 3*u**2/2 - u. Let k be t(f). Let m(a) = -a - 6. Determine m(k).
0
Let p(j) = -5*j - 3*j + 9 + 3*j - 18 + 4*j. Suppose n + 72 + 64 = 5*o, -2*n + 25 = o. Let m be o/(-6) - 1/2. Determine p(m).
-4
Let a(z) = -6*z**2 + 6*z + 7. Let h be a(2). Let m(d) be the third derivative of -d**6/120 - d**5/10 - d**4/12 + d**3 + 2*d**2. Give m(h).
-9
Suppose -3*x - 15 = -8*x. Let v(a) = 14 + 10*a**2 + 7*a - 18*a + 0*a**3 - 5 - a**x. Calculate v(9).
-9
Let m(p) be the third derivative of -p**4/24 - 14*p**3/3 - 74*p**2. What is m(0)?
-28
Let t = 30 + -5. Suppose 5*h + t = 5. Let z(g) = 6*g + 2. Let a(u) = 6*u + 2. Let m(p) = h*a(p) + 3*z(p). Calculate m(-2).
10
Let j(b) = -6*b + 13. Let a(y) = 13*y - 5. Let l(m) = -6*m + 3. Let p(r) = -3*a(r) - 7*l(r). Let t